{"id":116,"date":"2023-11-26T07:17:32","date_gmt":"2023-11-26T07:17:32","guid":{"rendered":"http:\/\/fidelio-jugend.de\/?page_id=116"},"modified":"2024-01-12T06:36:05","modified_gmt":"2024-01-12T06:36:05","slug":"ach-was-loriot-zum-hundertsten","status":"publish","type":"page","link":"http:\/\/fidelio-jugend.de\/?page_id=116","title":{"rendered":"Ach was! Fr\u00fcher war mehr Lametta! Loriot zum Hundertsten"},"content":{"rendered":"\n<p><\/p>\n\n\n\n<p>Diese Spr\u00fcche sind charakteristisch f\u00fcr Loriot. Anl\u00e4sslich des 100. Geburtstags des wohl bekanntesten Humoristen Deutschlands &#8211; Loriot, b\u00fcrgerlich Vicco von B\u00fclow &#8211; w\u00fcrdigt das Caricatura Museum Frankfurt das Ausnahmetalent mit einer gro\u00dfen Ausstellung. <\/p>\n\n\n\n<p>Wir fahren mit dem Bus nach Frankfurt zum Caricatura Museum \u2013 Museum f\u00fcr komische Kunst. Um 11 Uhr ist Beginn der Ausstellung und gegen 14 Uhr m\u00f6chten wir zum gem\u00fctlichen Teil in einer typischen Frankfurter Gastlichkeit einkehren.<\/p>\n\n\n\n<p><strong>Treffpunkt: <\/strong>14.01.24 um 9.30 Uhr<\/p>\n\n\n\n<p><strong>Ankunft Aschaffenburg<\/strong>: ca. 19 Uhr<\/p>\n\n\n\n<p><strong>Ort:<\/strong> Raiba Schweinheim<\/p>\n\n\n\n<p> <strong>Anmeldung<\/strong> bis zum 06. Januar 2024 erbeten. Die Teilnehmerzahl ist auf 42 Personen begrenzt.<\/p>\n\n\n<p>Eintrittspreis: 4\u20ac \/ Person (bei einer Gruppe ab 15 Personen) sonst 8\u20ac regul\u00e4r<\/p>\n<p>Es freuen sich Natalie &amp; Sonja<\/p>\n<p><strong>Es sind nur noch 4 Pl\u00e4tze frei.!\u00a0<\/strong><\/p>\n<p>Bitte eine Anmeldung \/ Anfrage direkt \u00fcber das Formular oder per Telefon bei den Wander-F\u00fchrerinnen!<\/p>\n<p>Danke\u00a0<\/p>\n\n\n<div class=\"wp-block-contact-form-7-contact-form-selector\">\n<div class=\"wpcf7 no-js\" id=\"wpcf7-f180-o1\" lang=\"de-DE\" dir=\"ltr\" data-wpcf7-id=\"180\">\n<div class=\"screen-reader-response\"><p role=\"status\" aria-live=\"polite\" aria-atomic=\"true\"><\/p> <ul><\/ul><\/div>\n<form action=\"\/index.php?rest_route=%2Fwp%2Fv2%2Fpages%2F116#wpcf7-f180-o1\" method=\"post\" class=\"wpcf7-form init\" aria-label=\"Kontaktformular\" novalidate=\"novalidate\" data-status=\"init\">\n<fieldset class=\"hidden-fields-container\"><input type=\"hidden\" name=\"_wpcf7\" value=\"180\" \/><input type=\"hidden\" name=\"_wpcf7_version\" value=\"6.1.5\" \/><input type=\"hidden\" name=\"_wpcf7_locale\" value=\"de_DE\" \/><input type=\"hidden\" name=\"_wpcf7_unit_tag\" value=\"wpcf7-f180-o1\" \/><input type=\"hidden\" name=\"_wpcf7_container_post\" value=\"0\" \/><input type=\"hidden\" name=\"_wpcf7_posted_data_hash\" value=\"\" \/>\n<\/fieldset>\n<p><label> Dein Name<br \/>\n<span class=\"wpcf7-form-control-wrap\" data-name=\"your-name\"><input size=\"40\" maxlength=\"400\" class=\"wpcf7-form-control wpcf7-text wpcf7-validates-as-required\" autocomplete=\"name\" aria-required=\"true\" aria-invalid=\"false\" value=\"\" type=\"text\" name=\"your-name\" \/><\/span> <\/label>\n<\/p>\n<p><label> Deine E-Mail-Adresse<br \/>\n<span class=\"wpcf7-form-control-wrap\" data-name=\"your-email\"><input size=\"40\" maxlength=\"400\" class=\"wpcf7-form-control wpcf7-email wpcf7-validates-as-required wpcf7-text wpcf7-validates-as-email\" autocomplete=\"email\" aria-required=\"true\" aria-invalid=\"false\" value=\"\" type=\"email\" name=\"your-email\" \/><\/span> <\/label>\n<\/p>\n<p><label> Deine Nachricht<br \/>\n<span class=\"wpcf7-form-control-wrap\" data-name=\"your-message\"><textarea cols=\"40\" rows=\"10\" maxlength=\"2000\" class=\"wpcf7-form-control wpcf7-textarea wpcf7-validates-as-required\" aria-required=\"true\" aria-invalid=\"false\" name=\"your-message\"><\/textarea><\/span> <\/label>\n<\/p>\n<p><input class=\"wpcf7-form-control wpcf7-submit has-spinner\" type=\"submit\" value=\"Senden\" \/>\n<\/p><div class=\"wpcf7-response-output\" aria-hidden=\"true\"><\/div>\n<\/form>\n<\/div>\n<\/div>\n\n\n\n<figure class=\"wp-block-gallery has-nested-images columns-default is-cropped wp-block-gallery-1 is-layout-flex wp-block-gallery-is-layout-flex\">\n<figure class=\"wp-block-image size-full is-style-rounded\"><img loading=\"lazy\" decoding=\"async\" width=\"943\" height=\"707\" data-id=\"152\" src=\"http:\/\/fidelio-jugend.de\/wp-content\/uploads\/2023\/12\/Screenshot-2023-11-26-081638-edited.jpg\" alt=\"\" class=\"wp-image-152\" style=\"aspect-ratio:1.3338048090523338\" srcset=\"http:\/\/fidelio-jugend.de\/wp-content\/uploads\/2023\/12\/Screenshot-2023-11-26-081638-edited.jpg 943w, http:\/\/fidelio-jugend.de\/wp-content\/uploads\/2023\/12\/Screenshot-2023-11-26-081638-edited-300x225.jpg 300w, http:\/\/fidelio-jugend.de\/wp-content\/uploads\/2023\/12\/Screenshot-2023-11-26-081638-edited-768x576.jpg 768w\" sizes=\"auto, (max-width: 943px) 100vw, 943px\" \/><\/figure>\n<\/figure>\n","protected":false},"excerpt":{"rendered":"<p>Diese Spr\u00fcche sind charakteristisch f\u00fcr Loriot. Anl\u00e4sslich des 100. Geburtstags des wohl bekanntesten Humoristen Deutschlands &#8211; Loriot, b\u00fcrgerlich Vicco von B\u00fclow &#8211; w\u00fcrdigt das Caricatura Museum Frankfurt das Ausnahmetalent mit [&hellip;]<\/p>\n","protected":false},"author":1,"featured_media":0,"parent":0,"menu_order":0,"comment_status":"closed","ping_status":"closed","template":"","meta":{"footnotes":""},"class_list":["post-116","page","type-page","status-publish","hentry"],"_links":{"self":[{"href":"http:\/\/fidelio-jugend.de\/index.php?rest_route=\/wp\/v2\/pages\/116","targetHints":{"allow":["GET"]}}],"collection":[{"href":"http:\/\/fidelio-jugend.de\/index.php?rest_route=\/wp\/v2\/pages"}],"about":[{"href":"http:\/\/fidelio-jugend.de\/index.php?rest_route=\/wp\/v2\/types\/page"}],"author":[{"embeddable":true,"href":"http:\/\/fidelio-jugend.de\/index.php?rest_route=\/wp\/v2\/users\/1"}],"replies":[{"embeddable":true,"href":"http:\/\/fidelio-jugend.de\/index.php?rest_route=%2Fwp%2Fv2%2Fcomments&post=116"}],"version-history":[{"count":27,"href":"http:\/\/fidelio-jugend.de\/index.php?rest_route=\/wp\/v2\/pages\/116\/revisions"}],"predecessor-version":[{"id":212,"href":"http:\/\/fidelio-jugend.de\/index.php?rest_route=\/wp\/v2\/pages\/116\/revisions\/212"}],"wp:attachment":[{"href":"http:\/\/fidelio-jugend.de\/index.php?rest_route=%2Fwp%2Fv2%2Fmedia&parent=116"}],"curies":[{"name":"wp","href":"https:\/\/api.w.org\/{rel}","templated":true}]}}